{"id":968,"date":"2014-08-24T21:20:58","date_gmt":"2014-08-24T20:20:58","guid":{"rendered":"http:\/\/silda.com\/?page_id=968"},"modified":"2025-12-30T20:11:19","modified_gmt":"2025-12-30T19:11:19","slug":"1900-1950-2","status":"publish","type":"page","link":"https:\/\/www.silda.com\/?page_id=968","title":{"rendered":"1900-1950"},"content":{"rendered":"<p>Vi har pr\u00f8vd \u00e5 samle artiklar og informasjon om&nbsp; Silda. P\u00e5 denne sida er det historiske artiklar fr\u00e5 f\u00f8rste halvdelen at 1900.<br>Alle artiklar er i PDF og kan opnast ved \u00e5 trykke p\u00e5 understreka tekst.<\/p>\n<p>Silda har i&nbsp; lange tider vore eit godt utgangspunkt for fiske, s\u00e6rleg var dette viktig den tida d\u00e5 folk m\u00e5tte ro til fiskefelta ved Stad. D\u00e5 var S\u00f8rehamna ein viktig plass for rorbuer og sj\u00f8hus til fisketilverking- salting. Nord-hamna&nbsp; var lite eigna for sm\u00e5b\u00e5tar f\u00f8r den vart utbygd p\u00e5 rundt 1900.<br>Dei to siste sj\u00f8husa p\u00e5 S\u00f8rehamna, som kan daterast tilbake til 1800-talet, er &laquo;Skj\u00e6rbuda&raquo; som i dag er restaurant og &laquo;Knausabuda&raquo; som ligg der landgangen fr\u00e5 Holmen kjem p\u00e5 land p\u00e5 Silda.<br>Rundt heile S\u00f8rehamna kan i dag sj\u00e5 solide steinmurar som tidlegare var grunnmur for sj\u00f8hus og rorbuer. .<br>Fr\u00e5&nbsp; bygdebok for&nbsp; SELJE OG V\u00c5GS\u00d8Y,&nbsp; utgitt i 1957,&nbsp; er det henta eit intervju med Henrik G. Solv\u00e5g&nbsp; som i 1956 <a href=\"https:\/\/www.silda.com\/wp-admin\/post.php?post=973&amp;action=edit\">fortalde&nbsp; om fiskev\u00e6ret Silda.&nbsp; (PDF)<\/a><\/p>\n<p>Silda har ogs\u00e5 vore stad for dramatiske forlis. For mange fastbuande vart Aladinnsatta lenge snakka om, og det vesle bygdesanfunnet fekk god omtale i riksmedia.&nbsp; Morgenavisen omtalte denne hendinga 22. januar 1925 (PDF)<\/p>\n<p>Sildafiskarane var f\u00f8regangsfolk i utvikling av fiske p\u00e5 fjerne fiskebankar. Etter 1. verdskrigen vart det bygd st\u00f8rre b\u00e5tar med motor.<\/p>\n<p>Rekonstruksjon av den &laquo;f\u00f8rste sildasida&raquo; fann&nbsp; artikkelen&nbsp; som vi fekk i kopi fr\u00e5 Ivar S\u00e6tren. <br>Skriven av Ingun Tvedt F\u00e6raas: banebarn av&nbsp; l\u00e6rar Sigvald Sandvik<br><a href=\"https:\/\/www.silda.com\/wp-admin\/post.php?post=974&amp;action=edit\">EI VIRKELIGHETSSKILDRING AV ET LITE \u00d8YSAMFUNN,&nbsp;<\/a><br><a href=\"https:\/\/www.silda.com\/wp-admin\/post.php?post=974&amp;action=edit\">SILDA i 1930-\u00e5ra(PDF)&nbsp;&nbsp;&nbsp;<\/a><a href=\"https:\/\/www.silda.com\/wp-content\/uploads\/2014\/08\/Silda-i-1930-\u00e5ra.pdf\">Silda i 1930-\u00e5ra<\/a><\/p>\n\n\n<p><\/p>\n","protected":false},"excerpt":{"rendered":"<p>Vi har pr\u00f8vd \u00e5 samle artiklar og informasjon om&nbsp; Silda. P\u00e5 denne sida er det historiske artiklar fr\u00e5 f\u00f8rste halvdelen at 1900.Alle artiklar er i PDF og kan opnast ved \u00e5 trykke p\u00e5 understreka tekst. Silda har i&nbsp; lange tider vore eit godt utgangspunkt for fiske, s\u00e6rleg var dette viktig den tida d\u00e5 folk m\u00e5tte [&hellip;]<\/p>\n","protected":false},"author":1,"featured_media":0,"parent":0,"menu_order":0,"comment_status":"closed","ping_status":"closed","template":"","meta":{"ngg_post_thumbnail":0,"footnotes":""},"class_list":["post-968","page","type-page","status-publish","hentry"],"_links":{"self":[{"href":"https:\/\/www.silda.com\/index.php?rest_route=\/wp\/v2\/pages\/968","targetHints":{"allow":["GET"]}}],"collection":[{"href":"https:\/\/www.silda.com\/index.php?rest_route=\/wp\/v2\/pages"}],"about":[{"href":"https:\/\/www.silda.com\/index.php?rest_route=\/wp\/v2\/types\/page"}],"author":[{"embeddable":true,"href":"https:\/\/www.silda.com\/index.php?rest_route=\/wp\/v2\/users\/1"}],"replies":[{"embeddable":true,"href":"https:\/\/www.silda.com\/index.php?rest_route=%2Fwp%2Fv2%2Fcomments&post=968"}],"version-history":[{"count":11,"href":"https:\/\/www.silda.com\/index.php?rest_route=\/wp\/v2\/pages\/968\/revisions"}],"predecessor-version":[{"id":3199,"href":"https:\/\/www.silda.com\/index.php?rest_route=\/wp\/v2\/pages\/968\/revisions\/3199"}],"wp:attachment":[{"href":"https:\/\/www.silda.com\/index.php?rest_route=%2Fwp%2Fv2%2Fmedia&parent=968"}],"curies":[{"name":"wp","href":"https:\/\/api.w.org\/{rel}","templated":true}]}}