{"id":43,"date":"2014-01-08T15:20:03","date_gmt":"2014-01-08T14:20:03","guid":{"rendered":"http:\/\/silda.com\/?page_id=43"},"modified":"2014-04-15T20:06:03","modified_gmt":"2014-04-15T19:06:03","slug":"vedtekter","status":"publish","type":"page","link":"https:\/\/www.silda.com\/?page_id=43","title":{"rendered":"Vedtekter"},"content":{"rendered":"<table width=\"643\" cellspacing=\"0\" cellpadding=\"2\">\n<colgroup>\n<col width=\"639\" \/> <\/colgroup>\n<tbody>\n<tr>\n<td valign=\"TOP\" width=\"639\">Vedtatt p\u00e5 \u00e5rsm\u00f8tet den 19\/4-2003<\/p>\n<p><strong>\u00a71. FORM\u00c5LSPARAGRAF<\/strong><br \/>\nSilda Velforening skal:<br \/>\na) V\u00e6re en interesseorganisasjon for fastboende og ferierende p\u00e5 \u00f8ya og fremme deres sak overfor kommune og offentlige instanser<br \/>\nb) St\u00f8tte tilstelninger og tiltak som fremmer trivsel og kvalitet p\u00e5 \u00f8ya.<br \/>\nc) Bidra til at fellesareal p\u00e5 \u00f8ya blir tatt vare p\u00e5 til beste for fellesskapet.<br \/>\nd) Samle inn, oppbevare og presentere historisk og kulturelt materiale knyttet til \u00f8ya<br \/>\ne) \u00c5 formidle nyheter og annen informasjon av allmenn interesse<\/p>\n<p><strong>\u00a72. MEDLEMMER<\/strong><br \/>\nMedlemsskap i foreninga kan tegnes av alle som \u00f8nsker det, ogs\u00e5 familier*. Man er medlem n\u00e5r \u00e5rskontingenten er betalt innen den fristen som er satt. Medlemsskapet er gyldig inntil man ev. melder seg ut av foreninga, eller lar v\u00e6re \u00e5 betale kontingenten. Foreningen har som m\u00e5l at minst en representant fra hver husstand p\u00e5 Silda skal v\u00e6re medlem i foreninga. Utover dette er alle som er glad i Silda velkommen til \u00e5 bli medlemmer.<\/p>\n<p><strong>Definisjon av husstand:<\/strong><br \/>\nEn husstand er en bo-enhet, som leilighet, hytte eller hus. Et hus med for eksempel 2 leiligheter regnes som 2 husstander. Det er ingen forskjell p\u00e5 hus og hytter.<\/p>\n<p>* Dersom man tegner et familiemedlemskap, er familien samlet sett regnet som ett medlem med en stemme p\u00e5 \u00e5rsm\u00f8tet.<\/p>\n<p>Styret kan inntil p\u00e5f\u00f8lgende \u00e5rsm\u00f8te, avvise personer som \u00f8nsker \u00e5 bli medlemmer, dersom man mener personen eller gruppen av personer vil motarbeide foreningens form\u00e5lsparagraf. Styret plikter da \u00e5 framlegge forholdet for f\u00f8rste ordin\u00e6re \u00e5rsm\u00f8te som fatter endelig vedtak.<\/p>\n<p><strong>\u00a73. MEDLEMSKONTINGENT<\/strong><br \/>\nKontingenten fastsettes av \u00e5rsm\u00f8tet for kommende \u00e5r.<\/p>\n<p><strong>\u00a74. RETTIGHETER OG PLIKTER<\/strong><br \/>\nMedlemsskapet gir rett til \u00e5 delta i foreningens besluttende organer<em>.<\/em><\/p>\n<p><strong>\u00a75. BESLUTTENDE ORGANER<\/strong><br \/>\nVelforeningas besluttende organer er:<br \/>\n1. \u00c5rsm\u00f8tet<br \/>\n2. Styret<\/p>\n<p><strong>\u00a76. \u00c5RSM\u00d8TET<\/strong><em><br \/>\nOrdin\u00e6rt \u00e5rsm\u00f8te<\/em> skal holdes hvert \u00e5r innen den 1.7.<\/p>\n<p><em>Ekstraordin\u00e6rt \u00e5rsm\u00f8te<\/em> holdes dersom:<br \/>\n&#8211; styret finner det n\u00f8dvendig.<br \/>\n&#8211; en av revisorene eller minst 1\/3 av medlemmene skriftlig krever det, og samtidig oppgir hvilke saker som \u00f8nskes behandlet.<\/p>\n<p>Innkalling av \u00e5rsm\u00f8te skjer skriftlig med et varsel p\u00e5 minst 14 dager. Av hensyn til medlemmer som bor langt borte fra Silda, skal innkalling eller tidspunkt for \u00e5rsm\u00f8te fortrinnsvis sendes ut s\u00e5 lang tid i forveien som mulig. Medlemmene kan m\u00f8te med fullmakt, men disse skal kontrolleres\/protokollf\u00f8res og godkjennes av det sittende styret f\u00f8r man g\u00e5r til dagsorden.<\/p>\n<p><strong>Det ordin\u00e6re \u00e5rsm\u00f8tet skal:<br \/>\n<\/strong>1. Behandle styrets \u00e5rsmelding.<br \/>\n2. Behandle regnskapet.<br \/>\n3. Fastsette medlemskontingent og ev. Budsjett.<br \/>\n4. <strong>Foreta valg av: <\/strong><br \/>\na) Styre best\u00e5ende av minst 3 representanter og 1 vara-representant.<br \/>\nVaramedlemmer skal ha innkalling og har m\u00f8te og talerett p\u00e5 alle styrem\u00f8ter.<br \/>\nStyrets representanter velges for 2 \u00e5r. Varamedlemmer velges hvert \u00e5r.<em><\/em><\/p>\n<p>For \u00e5 sikre kontinuitet i styret skal minst 1\/3 av styret v\u00e6re p\u00e5 valg p\u00e5 hvert \u00e5rsm\u00f8te. Om n\u00f8dvendig trekkes lodd for \u00e5 sikre at dette oppn\u00e5s.<br \/>\nStyret konstituerer seg selv.<\/p>\n<p>b) Revisjonskomit\u00e9 best\u00e5ende av 2 representanter.<br \/>\nEn av representantene velges som leder. . Funksjonstid 1 \u00e5r<br \/>\nc) Valgkomite best\u00e5ende av 2 representanter.<br \/>\nEn av valgkomiteens representanter velges som leder. Funksjonstid 1 \u00e5r.<\/p>\n<p>5. Behandle ev. innkomne saker.<\/p>\n<p><strong>\u00a77. STYRET<\/strong><br \/>\nDet skal f\u00f8res protokoll fra styrem\u00f8tene. Kopi av protokollene og \u00e5rsregnskapet m\/bilag oversendes samlet til lederen i revisjonskomit\u00e9en f\u00f8r det ordin\u00e6re \u00e5rsm\u00f8tet.<\/p>\n<p><strong>\u00a78. REGNSKAP OG \u00d8KONOMI<\/strong><br \/>\nStyret s\u00f8rger for at det f\u00f8res tilfredsstillende regnskap. Regnskapet f\u00f8lger kalender\u00e5ret og avsluttes pr. 31.desember. De valgte revisorene skal g\u00e5 gjennom regnskapet og avgi erkl\u00e6ring til \u00e5rsm\u00f8tet, skriftlig eller muntlig om de har merknader, eller regnskapet ser greitt ut.<\/p>\n<p><strong>\u00a79. VEDTEKTENE<\/strong><br \/>\nDisse vedtektene kan endres av \u00e5rsm\u00f8tet med simpelt flertall forutsatt at saken er nevnt i innkallingen. I motsatt fall kreves at over 50% av foreningens medlemmer stemmer for endringen.<\/td>\n<\/tr>\n<\/tbody>\n<\/table>\n","protected":false},"excerpt":{"rendered":"<p>Vedtatt p\u00e5 \u00e5rsm\u00f8tet den 19\/4-2003 \u00a71. FORM\u00c5LSPARAGRAF Silda Velforening skal: a) V\u00e6re en interesseorganisasjon for fastboende og ferierende p\u00e5 \u00f8ya og fremme deres sak overfor kommune og offentlige instanser b) St\u00f8tte tilstelninger og tiltak som fremmer trivsel og kvalitet p\u00e5 \u00f8ya. c) Bidra til at fellesareal p\u00e5 \u00f8ya blir tatt vare p\u00e5 til beste for [&hellip;]<\/p>\n","protected":false},"author":1,"featured_media":0,"parent":37,"menu_order":3,"comment_status":"closed","ping_status":"closed","template":"","meta":{"ngg_post_thumbnail":0,"footnotes":""},"class_list":["post-43","page","type-page","status-publish","hentry"],"_links":{"self":[{"href":"https:\/\/www.silda.com\/index.php?rest_route=\/wp\/v2\/pages\/43","targetHints":{"allow":["GET"]}}],"collection":[{"href":"https:\/\/www.silda.com\/index.php?rest_route=\/wp\/v2\/pages"}],"about":[{"href":"https:\/\/www.silda.com\/index.php?rest_route=\/wp\/v2\/types\/page"}],"author":[{"embeddable":true,"href":"https:\/\/www.silda.com\/index.php?rest_route=\/wp\/v2\/users\/1"}],"replies":[{"embeddable":true,"href":"https:\/\/www.silda.com\/index.php?rest_route=%2Fwp%2Fv2%2Fcomments&post=43"}],"version-history":[{"count":11,"href":"https:\/\/www.silda.com\/index.php?rest_route=\/wp\/v2\/pages\/43\/revisions"}],"predecessor-version":[{"id":2538,"href":"https:\/\/www.silda.com\/index.php?rest_route=\/wp\/v2\/pages\/43\/revisions\/2538"}],"up":[{"embeddable":true,"href":"https:\/\/www.silda.com\/index.php?rest_route=\/wp\/v2\/pages\/37"}],"wp:attachment":[{"href":"https:\/\/www.silda.com\/index.php?rest_route=%2Fwp%2Fv2%2Fmedia&parent=43"}],"curies":[{"name":"wp","href":"https:\/\/api.w.org\/{rel}","templated":true}]}}