{"id":41,"date":"2014-01-08T15:19:39","date_gmt":"2014-01-08T14:19:39","guid":{"rendered":"http:\/\/silda.com\/?page_id=41"},"modified":"2024-01-10T23:31:44","modified_gmt":"2024-01-10T22:31:44","slug":"bli-medlem","status":"publish","type":"page","link":"https:\/\/www.silda.com\/?page_id=41","title":{"rendered":"Bli medlem"},"content":{"rendered":"<p><strong>Alle som er glad i Silda er velkommen til \u00e5 bli medlem.<\/strong><\/p>\n<p><span style=\"color: #ff0000;\">Innmelding kan gj\u00f8res ved \u00e5 sende en giroinnbetaling p\u00e5 kr. 300 til bankkonto:<br \/>\n<strong>Kontonr: 3790 18 43857. Eller&nbsp;&nbsp; Vipps nr: 795747<\/strong> Vennligst skriv namne ved innbetaling.<img loading=\"lazy\" decoding=\"async\" src=\"https:\/\/static.xx.fbcdn.net\/images\/emoji.php\/v9\/t55\/1.5\/16\/1f44d.png\" alt=\"\ud83d\udc4d\" width=\"16\" height=\"16\"><br \/>\nPris for medlemskap 300 kr pr. familie.<\/span><\/p>\n<p><strong><span style=\"text-decoration: underline;\">Medlemsskap i foreninga kan tegnes av alle som \u00f8nsker det, ogs\u00e5 familier<\/span><\/strong>*.<\/p>\n<p>Man er medlem n\u00e5r \u00e5rskontingenten er betalt innen den fristen som er satt.<\/p>\n<p>Medlemsskapet er gyldig inntil man ev. melder seg ut av foreninga, eller lar v\u00e6re \u00e5 betale kontingenten.<\/p>\n<p>Foreningen har som m\u00e5l at minst en representant fra hver husstand p\u00e5 Silda skal v\u00e6re medlem i foreninga.<br \/>\n* Dersom man tegner et familiemedlemskap, er familien samlet sett regnet som ett medlem med en stemme p\u00e5 \u00e5rsm\u00f8tet.<\/p>\n<p><strong>Definisjon av husstand:<\/strong><br \/>\nEn husstand er en bo-enhet, som leilighet, hytte eller hus.<br \/>\nEt hus med for eksempel 2 leiligheter regnes som 2 husstander.<br \/>\nDet er ingen forskjell p\u00e5 hus og hytter.<\/p>\n<p>&nbsp;<\/p>\n","protected":false},"excerpt":{"rendered":"<p>Alle som er glad i Silda er velkommen til \u00e5 bli medlem. Innmelding kan gj\u00f8res ved \u00e5 sende en giroinnbetaling p\u00e5 kr. 300 til bankkonto: Kontonr: 3790 18 43857. Eller&nbsp;&nbsp; Vipps nr: 795747 Vennligst skriv namne ved innbetaling. Pris for medlemskap 300 kr pr. familie. Medlemsskap i foreninga kan tegnes av alle som \u00f8nsker det, [&hellip;]<\/p>\n","protected":false},"author":1,"featured_media":0,"parent":37,"menu_order":2,"comment_status":"closed","ping_status":"closed","template":"","meta":{"ngg_post_thumbnail":0,"footnotes":""},"class_list":["post-41","page","type-page","status-publish","hentry"],"_links":{"self":[{"href":"https:\/\/www.silda.com\/index.php?rest_route=\/wp\/v2\/pages\/41","targetHints":{"allow":["GET"]}}],"collection":[{"href":"https:\/\/www.silda.com\/index.php?rest_route=\/wp\/v2\/pages"}],"about":[{"href":"https:\/\/www.silda.com\/index.php?rest_route=\/wp\/v2\/types\/page"}],"author":[{"embeddable":true,"href":"https:\/\/www.silda.com\/index.php?rest_route=\/wp\/v2\/users\/1"}],"replies":[{"embeddable":true,"href":"https:\/\/www.silda.com\/index.php?rest_route=%2Fwp%2Fv2%2Fcomments&post=41"}],"version-history":[{"count":10,"href":"https:\/\/www.silda.com\/index.php?rest_route=\/wp\/v2\/pages\/41\/revisions"}],"predecessor-version":[{"id":2412,"href":"https:\/\/www.silda.com\/index.php?rest_route=\/wp\/v2\/pages\/41\/revisions\/2412"}],"up":[{"embeddable":true,"href":"https:\/\/www.silda.com\/index.php?rest_route=\/wp\/v2\/pages\/37"}],"wp:attachment":[{"href":"https:\/\/www.silda.com\/index.php?rest_route=%2Fwp%2Fv2%2Fmedia&parent=41"}],"curies":[{"name":"wp","href":"https:\/\/api.w.org\/{rel}","templated":true}]}}