{"id":1213,"date":"2015-07-26T20:35:56","date_gmt":"2015-07-26T19:35:56","guid":{"rendered":"http:\/\/silda.com\/?page_id=1213"},"modified":"2024-04-30T19:56:45","modified_gmt":"2024-04-30T17:56:45","slug":"vassrensing-pa-silda-oppstar-2015","status":"publish","type":"page","link":"https:\/\/www.silda.com\/?page_id=1213","title":{"rendered":"Oppstartm\u00f8te"},"content":{"rendered":"<div>I 2015 kom det fleire krav til Silda, om \u00e5 skaffe godkjend vassforsyning. Det vart dr\u00f8fta fleire l\u00f8ysingar, ogs\u00e5 legging av r\u00f8yr fr\u00e5 Raudeber. Styret for Vassverket fekk fleire krav og det vart innhente tilbod p\u00e5 private reseanlegg for kvart hus. Nokre gjekk til innkj\u00f8p, men kvaliteten p\u00e5 r\u00e5vatnet var for d\u00e5rleg med mykje humus og det&nbsp; m\u00e5tte ogs\u00e5 instalerast grovrensing for humuspartikklar.<\/div>\n<div>P\u00e5 v\u00e5ren tok styremedlem\/sekret\u00e6r i laget, Merete Wik Silden,&nbsp; kontakt med Mattilsynet for \u00e5 h\u00f8yre korleis ein kunne im\u00f8tekomme mattilsynet sine krav i &laquo;Forskrift om vannforsyning av drikkevann&raquo;&nbsp; <a id=\"m_4479919494489143822LPlnk\" href=\"http:\/\/www.lovdata.no\" target=\"_blank\" rel=\"noopener\" data-saferedirecturl=\"https:\/\/www.google.com\/url?q=http:\/\/www.lovdata.no&amp;source=gmail&amp;ust=1714563693908000&amp;usg=AOvVaw2HBbsMS_T5pI5UDsVJtSUk\">www.lovdata.no<\/a>&nbsp;<\/p>\n<p>Det blei kalla inn til eit uformelt m\u00f8te i gymsalen p\u00e5 skulen, der Merete refererte til mattilsynet sin informasjon. Der vart kravet fr\u00e5 N\u00e6ringsmiddeltilsynet dr\u00f8fta med&nbsp; ulike l\u00f8ysingar, inklusiv innkj\u00f8p av eige renseanlegg for \u00f8ya. P\u00e5 dette m\u00f8tet sa Helge Silden seg villig til \u00e5 bidra,&nbsp; og eit nytt m\u00f8te vart planlagt til 5 april 2015<\/p><\/div>\n<p><strong>Laurdag 5. april 2015<\/strong> var det eit orienteringsm\u00f8te p\u00e5 Silda Grendahus.&nbsp; Helge Silden orienterte om <span style=\"text-decoration: underline;\">N\u00e6ringsmiddeltilsynet sine truslar, <\/span>om&nbsp; det ikkje vart levert pr\u00f8ver av godkjent vatn fr\u00e5 vassverket.<br \/>\nFleirtalet, av dei framm\u00f8tte, bad Helge Silden om \u00e5 ta kontakt med N\u00e6ringsmiddeltilsynet og avklare konflikta.<\/p>\n<p><strong>Laurdag 18. juli<\/strong> vart det kalla inn til orienteringsm\u00f8te p\u00e5 Silda Grendahus.<br \/>\n<span style=\"text-decoration: underline;\">Helge Silden orienterte dei framm\u00f8tte<\/span> om kva han hadde funne ut under m\u00f8te med Nordfjord N\u00e6ringsmiddelkontroll.<br \/>\nHelge sin<span style=\"text-decoration: underline;\"> konklusjon var at reinsing m\u00e5 til<\/span>.&nbsp; Alle, som er fleire p\u00e5 ei vasskjelde, vil bli underlagt kontroll.<br \/>\nI denne omgang var det vasskjelder som har meir enn 20 abonnentar som vert prioriterte, seinare vert dette utvida, fekk Helge opplyst.<br \/>\nHelge hadde innhenta <span style=\"text-decoration: underline;\">pristilbod for eit enkelt filter og UV-reinseanlegg,<\/span> og f\u00e5tt ein pris p\u00e5 250.000 kr + kostnad med bygging av hus for anlegget og kopling av r\u00f8r.<\/p>\n<p>Konklusjon:&nbsp;&nbsp; <span style=\"text-decoration: underline;\">L\u00f8ysinga for&nbsp; Silda kan gjerast p\u00e5 tre m\u00e5tar.<\/span><\/p>\n<p>1. Knyte seg til V\u00e5gs\u00f8y vassverk &#8211; med sj\u00f8leiding og h\u00f8gdebasseng p\u00e5 Silda. Kostnad estimat: 4-5 mill +&nbsp;&nbsp; \u00e5rsavgift til V\u00e5gs\u00f8y vassverk 6 -8.000 pr \u00e5r<\/p>\n<p>2. Kvar husstand f\u00e5r bore og ordne si vassforsyning, fells forsyning fr\u00e5 Silda vassverk vert steng. Kostnad som for boringar \u2013 utf\u00f8rt f\u00f8r: 60. 100.000 kr pr anlegg + vedlikehald<\/p>\n<p>3. Starte arbeid med \u00e5 etablere renseanlegg for noverande vasskjelde. Kostnad estimat: ca 500.000 + \u00e5rsavgift til dekning av drift og betalt tilsyn.<\/p>\n<p>M\u00f8telyden var samde om at alternativ 3 var den mest tenkjelege l\u00f8ysinga.<br \/>\nNokre f\u00f8lte at arbeidet m\u00e5tte starte omg\u00e5ande, men dette fekk ikkje samla tilslutning.<\/p>\n<p>Framlegg om eit interimsstyre vart samr\u00f8ystes vedteke.&nbsp; Helge Silden, Alfred Silden og Merete Silden Vararepresentant: Herman Silden.<\/p>\n<p><span style=\"text-decoration: underline;\"><strong>Interimsstyret orienterer abonnentane i silda vassverk&nbsp;<\/strong><\/span><strong><span style=\"text-decoration: underline;\"> via e-post:<\/span><br \/>\n<\/strong>om framdrifta for&nbsp; etablering av&nbsp; reinseanlegg med&nbsp; kostnader,&nbsp; og avvikling av generalforsamling for \u00e5 velje nytt styre for Silda Vassverk samt \u00e5 gjere endeleg vedtak for utbygging.<\/p>\n<p align=\"center\">Dei som ikkje registrerte si e-postadresse (p\u00e5 m\u00f8tet 18. juli) <span style=\"text-decoration: underline;\">m\u00e5 sende melding<\/span> til Helge Silden: <b>helge@seacon.no<\/b><\/p>\n<p align=\"center\">******************************************************<\/p>\n<p style=\"text-align: left;\" align=\"center\">reff: Paul S<\/p>\n","protected":false},"excerpt":{"rendered":"<p>I 2015 kom det fleire krav til Silda, om \u00e5 skaffe godkjend vassforsyning. Det vart dr\u00f8fta fleire l\u00f8ysingar, ogs\u00e5 legging av r\u00f8yr fr\u00e5 Raudeber. Styret for Vassverket fekk fleire krav og det vart innhente tilbod p\u00e5 private reseanlegg for kvart hus. Nokre gjekk til innkj\u00f8p, men kvaliteten p\u00e5 r\u00e5vatnet var for d\u00e5rleg med mykje humus [&hellip;]<\/p>\n","protected":false},"author":1,"featured_media":0,"parent":0,"menu_order":0,"comment_status":"closed","ping_status":"closed","template":"","meta":{"ngg_post_thumbnail":0,"footnotes":""},"class_list":["post-1213","page","type-page","status-publish","hentry"],"_links":{"self":[{"href":"https:\/\/www.silda.com\/index.php?rest_route=\/wp\/v2\/pages\/1213","targetHints":{"allow":["GET"]}}],"collection":[{"href":"https:\/\/www.silda.com\/index.php?rest_route=\/wp\/v2\/pages"}],"about":[{"href":"https:\/\/www.silda.com\/index.php?rest_route=\/wp\/v2\/types\/page"}],"author":[{"embeddable":true,"href":"https:\/\/www.silda.com\/index.php?rest_route=\/wp\/v2\/users\/1"}],"replies":[{"embeddable":true,"href":"https:\/\/www.silda.com\/index.php?rest_route=%2Fwp%2Fv2%2Fcomments&post=1213"}],"version-history":[{"count":14,"href":"https:\/\/www.silda.com\/index.php?rest_route=\/wp\/v2\/pages\/1213\/revisions"}],"predecessor-version":[{"id":2646,"href":"https:\/\/www.silda.com\/index.php?rest_route=\/wp\/v2\/pages\/1213\/revisions\/2646"}],"wp:attachment":[{"href":"https:\/\/www.silda.com\/index.php?rest_route=%2Fwp%2Fv2%2Fmedia&parent=1213"}],"curies":[{"name":"wp","href":"https:\/\/api.w.org\/{rel}","templated":true}]}}